{"id":11,"date":"2023-08-01T20:15:04","date_gmt":"2023-08-01T20:15:04","guid":{"rendered":"https:\/\/oncorotterdamnoord.nl\/?page_id=11"},"modified":"2023-10-22T13:23:47","modified_gmt":"2023-10-22T13:23:47","slug":"doel","status":"publish","type":"page","link":"https:\/\/oncorotterdamnoord.nl\/index.php\/sample-page\/doel\/","title":{"rendered":"Doel"},"content":{"rendered":"\n<p><strong>Samenwerken: <\/strong>In dit netwerk wordt samengewerkt door een psycholoog, oncologie fysiotherapeuten, oedeemfysiotherapeuten, bekkenfysiotherapeuten, di\u00ebtist, ergotherapeut, overgangsconsulent, (palliatief) wijk verpleegkundige en verpleegkundig specialist. Doordat wij onderling korte lijnen hebben en elkaars werkwijze kennen, kunnen wij gemakkelijk naar elkaar verwijzen, zodat de klachten vanuit verschillende invalshoeken kunnen worden behandeld. Hierdoor wordt de juiste zorg op de juiste plaats gerealiseerd. <\/p>\n\n\n\n<p><strong>Zorg dichtbij de pati\u00ebnt: <\/strong>Wij vinden het belangrijk dat de zorg letterlijk en figuurlijk dichtbij de pati\u00ebnt georganiseerd wordt. De medische behandeling moet in het ziekenhuis plaatsvinden, maar voor de paramedische en ondersteunende zorg is dit gelukkig niet nodig. De pati\u00ebnt kan (met een verwijzing van de behandelend arts) in zijn eigen vertrouwde omgeving behandeld worden en als het niet lukt om naar ons toe te komen, dan komen wij naar de pati\u00ebnt!<\/p>\n\n\n\n<p><strong>Organiseren: <\/strong>In een regio waar veel verschillende zorgverleners (en zelfs ziekenhuizen) zijn gevestigd, is het soms lastig om door de bomen het bos te zien. Omdat wij goed op de hoogte zijn van elkaar en goed kunnen signaleren wat de pati\u00ebnt nodig heeft, kunnen wij de pati\u00ebnt begeleiden naar de juiste zorg. Wij organiseren de zorg rondom de pati\u00ebnt en houden andere betrokken (mantel) zorgverleners op de hoogte.<\/p>\n\n\n\n<p><strong>Zorg op maat leveren: <\/strong>Elke pati\u00ebnt is uniek en heeft zijn\/haar eigen zorg behoefte. Door in gesprek te gaan en de doelen en behoeften te bespreken, zorgen wij voor een behandelplan op maat. Alles gaat in goed overleg met de pati\u00ebnt en\/of zijn naasten.<\/p>\n","protected":false},"excerpt":{"rendered":"<p>Samenwerken: In dit netwerk wordt samengewerkt door een psycholoog, oncologie fysiotherapeuten, oedeemfysiotherapeuten, bekkenfysiotherapeuten, di\u00ebtist, ergotherapeut, overgangsconsulent, (palliatief) wijk verpleegkundige en verpleegkundig specialist. Doordat wij onderling korte lijnen hebben en elkaars werkwijze kennen, kunnen wij gemakkelijk naar elkaar verwijzen, zodat de klachten vanuit verschillende invalshoeken kunnen worden behandeld. Hierdoor wordt de juiste zorg op de juiste [&hellip;]<\/p>\n","protected":false},"author":1,"featured_media":0,"parent":2,"menu_order":0,"comment_status":"closed","ping_status":"closed","template":"","meta":{"footnotes":""},"class_list":["post-11","page","type-page","status-publish","hentry"],"_links":{"self":[{"href":"https:\/\/oncorotterdamnoord.nl\/index.php\/wp-json\/wp\/v2\/pages\/11","targetHints":{"allow":["GET"]}}],"collection":[{"href":"https:\/\/oncorotterdamnoord.nl\/index.php\/wp-json\/wp\/v2\/pages"}],"about":[{"href":"https:\/\/oncorotterdamnoord.nl\/index.php\/wp-json\/wp\/v2\/types\/page"}],"author":[{"embeddable":true,"href":"https:\/\/oncorotterdamnoord.nl\/index.php\/wp-json\/wp\/v2\/users\/1"}],"replies":[{"embeddable":true,"href":"https:\/\/oncorotterdamnoord.nl\/index.php\/wp-json\/wp\/v2\/comments?post=11"}],"version-history":[{"count":4,"href":"https:\/\/oncorotterdamnoord.nl\/index.php\/wp-json\/wp\/v2\/pages\/11\/revisions"}],"predecessor-version":[{"id":168,"href":"https:\/\/oncorotterdamnoord.nl\/index.php\/wp-json\/wp\/v2\/pages\/11\/revisions\/168"}],"up":[{"embeddable":true,"href":"https:\/\/oncorotterdamnoord.nl\/index.php\/wp-json\/wp\/v2\/pages\/2"}],"wp:attachment":[{"href":"https:\/\/oncorotterdamnoord.nl\/index.php\/wp-json\/wp\/v2\/media?parent=11"}],"curies":[{"name":"wp","href":"https:\/\/api.w.org\/{rel}","templated":true}]}}